400 = -18*o. Suppose 0*w + 5*g + 224235 = 4*w, 0 = -3*w + g + n. Is w a prime number?
False
Let p = 164321 - 99034. Is p prime?
True
Let c(i) = 92*i**2 - 5*i - 4. Let z be c(4). Let g be (5 + -7)*-1 - -1. Suppose -5*h = -u - 4108, -5*h = g*u - z - 2648. Is h a prime number?
True
Suppose -61*q = -60*q + 2. Let z be (215 - -2 - -2)/(q/(-2)). Let j = z + -92. Is j composite?
False
Is 2/7 + (902360/35 - -11) composite?
False
Suppose -32*b = -6132970 - 338422. Is b composite?
False
Let f = -3 - 0. Let n(c) = -c**3 - 3*c**2 + c + 8. Let r be n(f). Suppose 0 = -8*o + r*o - 4*l + 20989, 0 = 3*o - 4*l - 20981. Is o a prime number?
False
Let p(i) = 5251*i - 19. Suppose -24*g - 5 = -25*g. Let c be p(g). Suppose -76*b = -72*b - c. Is b a prime number?
False
Let f be (40154/(-4))/(25/(-50)). Suppose f = -6*p + 80551. Is p prime?
True
Let q(j) = -9*j + 25. Suppose 0*y + 21 = 3*y. Let o be (24/21 - 2)*(y - 0). Is q(o) a prime number?
True
Let a(c) = -7*c**2 - c + 1. Let x be a(1). Let m(j) be the second derivative of -5*j**3/3 - 5*j**2/2 - 5*j. Is m(x) prime?
False
Let j = -7 + 24. Let g(o) = 3*o - 28 - 4*o**2 + 28*o - 12*o + 8*o**2. Is g(j) a composite number?
False
Let u be 20/4 + 12/(-3). Suppose x - 1 + 5 = 3*w, 3*w + 4*x + u = 0. Suppose 5*h + 4*j - 571 = 0, h + 3*j = 111 + w. Is h a prime number?
False
Let h(f) = -f**2 + 8*f - 15. Let j be h(6). Is 14637 + -8 - (4 + j - 3) prime?
False
Let g be (2/6)/(13/(-117)) - -19. Suppose -g*j = -24*j + 1008. Suppose -125*c = -j*c + 2179. Is c a prime number?
True
Suppose 0 = -8*j + 12*j + 5*x - 316436, x - 395545 = -5*j. Is j composite?
True
Let k = -65037 - -93764. Is k composite?
True
Suppose -1173734 = -3*w + 5*n, n = -w + 264548 + 126710. Is w a composite number?
True
Suppose 0*v - 5*r + 5847 = v, 3*r = -3*v + 17565. Is v prime?
True
Let m(n) = n**3 + 7*n**2 + 10*n + 2. Let p be m(-5). Suppose t + 21 = 5*t - 3*i, 0 = p*i - 2. Is (-1145 - t)*(-2)/2 composite?
False
Let f = 18855 + -7599. Let o = f + 15786. Suppose 7*z - 1735 = o. Is z prime?
True
Let n(d) = 8*d**3 - 31*d**2 - 8*d + 407. Is n(36) composite?
True
Is (-35 - 587931)/(0 - 2) prime?
True
Let l(n) = -25*n - 114. Let u = 49 - 54. Is l(u) a prime number?
True
Let p(z) = 4513*z - 114. Is p(1) a composite number?
True
Suppose -365862 = 18*d - 1181550. Is (-15 - -14)/(4/d*-1) a prime number?
True
Let d(b) = -3*b**3 + 6*b**2 + 16*b + 3. Suppose -8 = 10*k - 9*k. Is d(k) composite?
True
Let l(t) = 75*t**3 - 9*t**2 - 404*t + 3201. Is l(8) composite?
True
Suppose -8*g = 156 + 12. Is 12/(-2) - (-422 + g) a prime number?
False
Suppose -i = 5*b - 2307, -673 = -5*i - 4*b + 10925. Is (i/(-22))/(-3) - (-4)/(-22) prime?
False
Suppose -7*n - 669050 = -17*n. Suppose k + 4*k = n. Is k composite?
False
Let b(j) = j**3 + 34*j**2 + 56*j - 42. Let o = 49 + -74. Is b(o) prime?
False
Suppose -2034693 - 2562725 = -14*q. Is q composite?
True
Let j = 123042 + 51527. Is j a prime number?
True
Let z(l) = -14*l**2 + 2*l + 1. Let h(s) = s**3 + 5*s**2 - 5*s + 5. Let o be h(-6). Let x be z(o). Is 3/(30/(-4)) - 1701/x composite?
False
Suppose 1488560 + 1315108 = 42*w. Is w a composite number?
True
Let p = 52763 + 77754. Is p prime?
True
Suppose 32982 = 2*q - 4*m, 8*m = -23*q + 19*q + 65900. Is q a prime number?
False
Let g(h) = 320*h**2 - 21*h - 208. Is g(-9) a composite number?
True
Suppose g = 3*p + 3426, 2*g - 3*p - 6852 = p. Let d = g - 2055. Suppose 0 = 2*h + 5*m - d, 0 = 3*h - m + 5*m - 2039. Is h prime?
True
Let p be (17420/78)/(2/48). Let b = p + 10879. Is b a prime number?
False
Let y = 294822 + -122843. Is y composite?
True
Let j(r) = r**2 - 35*r - 427. Let p be j(-10). Suppose -8 = 3*d - p, -d = 3*h - 7490. Is h a composite number?
True
Let s(l) = -133*l**3 + 15*l**2 - 2*l + 5. Let r be s(-4). Let h = -5808 + r. Is h prime?
True
Let y(t) = 13*t + 140. Let m be y(16). Let c = 3019 + -1088. Let s = c - m. Is s a composite number?
False
Is (13 - 14)/(4/(-940796) + 0) a composite number?
False
Suppose 2*y - 69 = -4*l + 7, 0 = 5*l + 4*y - 98. Is (-5)/30 - (-240141)/l a composite number?
True
Let s(o) = -2. Let p(i) = -727*i + 25. Let v(y) = p(y) - 2*s(y). Is v(-6) a composite number?
False
Suppose -42439588 - 13931057 = -39*p + 9732990. Is p a prime number?
False
Let n(k) = 3 - 8 + 38*k - 19*k + 92*k**2 - 18*k. Is n(2) a prime number?
False
Let r = 335 - 331. Suppose r*d = -13 + 21, 3*h - 5*d = 22664. Is h prime?
False
Is (25410/(-15))/((-14)/15043) + -2 + 0 a prime number?
True
Let v be 2/7 - (-35735)/(-49). Let k = v + 2238. Suppose k = -3*z + 6*z. Is z a prime number?
True
Suppose -9*a + 9 = -45. Let v be (0 - 0)*a/12. Suppose -2*j - 4*j + 12918 = v. Is j a composite number?
False
Let q = -54779 + 141456. Is q composite?
False
Let d(z) = 11 + z + 12*z + 9*z**2 - 2*z**3 - z**3. Let f = -985 - -979. Is d(f) prime?
False
Suppose 5*u - 35 = 0, 200*u = -2*y + 197*u + 318649. Is y a prime number?
False
Suppose 150*v - 155*v + 752351 = -2*b, -3*b = 3*v - 451440. Is v a prime number?
True
Suppose 17*s + 38823 = 150462. Suppose -5*f + 4*d + 6527 = -4*f, f = -4*d + s. Is f a composite number?
False
Is 177258 + ((-16)/24)/((-16)/(-24)) prime?
True
Is (-9 - -14) + (-312)/24*(-14575 - -2) a composite number?
True
Let q(m) = m**3 + 7*m**2 + 12*m + 4. Let f be q(-5). Let b be 5/3 - 5/((-45)/f). Is b*(222 + 1)*(2 + -1) a prime number?
True
Suppose 3*h - 11 = -2*t, 3 = h + 5*t - 5. Suppose h*i = -9 - 9. Is ((-6465)/(-10))/(i/(-8)) a composite number?
True
Let o = -119 + -65. Suppose 0*c - n = -c + 327, -2*n = 0. Let x = c + o. Is x composite?
True
Suppose -3*r + 200114 = 8*a - 150807, 5*a + r = 219330. Is a a prime number?
True
Suppose -20*a = -25*a + 157365. Suppose -2*h + 15003 + 16468 = 5*k, 0 = -5*k - h + a. Is (-4)/((-18905)/k + 3) a prime number?
True
Let h be -3 - -1 - 16/(112/(-21525)). Suppose -3*g + 2313 = 2*d, 10*g - d - h = 6*g. Is g composite?
False
Let m(z) = -51*z + 13. Suppose 3 - 12 = -3*t. Suppose 5*l + 3 = 2*j, 3*j - t = 6*j - 5*l. Is m(j) composite?
True
Let t = 4931250 + -3091279. Is t a prime number?
False
Let l(a) = 2*a + 247. Let i = 239 - 239. Is l(i) a prime number?
False
Suppose 2*n = 2*n - 7*n + 1307411. Is n a composite number?
False
Let z(n) = 75*n**2 + 319*n + 19. Is z(67) composite?
True
Let w(t) = 22*t**2 - t + 2. Let p be w(1). Is (-8085 - p)*(-2)/4 composite?
True
Suppose 4*s + 4*a - 4 + 12 = 0, 2*s - 5*a - 24 = 0. Suppose 4*l + 2 = 2*b - 0, -2*b + s*l = 0. Let m(r) = -20*r + 1. Is m(b) a composite number?
True
Let p(u) = -u**2 + 16*u - 39. Let o be p(3). Is o*(-6)/42 - -6049 composite?
True
Is (-6)/(-10)*((-41598120)/(-36) + 25) prime?
True
Let p(h) = -142627*h - 90. Is p(-1) a prime number?
True
Let q = -410 - -412. Suppose 0 = 2*p + 2, 4907 = q*l - p - 0*p. Is l prime?
False
Suppose -5*g + 252196 = 3*f, -4*f - 11136 + 347369 = g. Is f a prime number?
False
Let j(s) = -26*s + 252. Is j(1) a composite number?
True
Suppose x - 70828 = 3*r + 61941, 0 = 4*x + 2*r - 531132. Is x prime?
False
Let r = 154 - 148. Suppose 13*b - 7771 = -r*b. Is b composite?
False
Let k be (-4)/2*156/26. Is (3 - -4) + k - 76*-4 a prime number?
False
Suppose 126*b - 133*b = 35. Let j(q) = 152*q**2 - 6*q - 37. Is j(b) composite?
False
Let l = 28323 + -5470. Is l a prime number?
True
Let w = 13657 - -104458. Is w a composite number?
True
Let r = 53235 - 2878. Is r prime?
False
Suppose -29*p + 43*p = -39242. Let f = -1180 - p. Is f a composite number?
True
Let a(w) be the first derivative of 5220*w**3 - w**2/2 + 2*w + 280. Is a(1) prime?
True
Let l(m) = 138*m + 79. Let o = 764 - 759. Is l(o) a prime number?
True
Let h(u) = -u**2 + 14*u - 24. Let x be h(12). Suppose x = 6*q + 52 - 25678. Is q prime?
True
Suppose -2*v + 7886 = -3*h, -6*v + 2*h = -2*v - 15788. Let f = -2802 + v. Is f a prime number?
False
Let u be 10366/(-1) + 15/60*-4. Let b = -4854 - u. Is b a prime number?
False
Let f = 852983 - 533210. Is f prime?
False
Suppose 158*q - 343382 - 2029620 = 0. Is q composite?
True
Is (-2)/(-12) + (-557330445)/(-270) a composite number?
False
Let f(b) = -1165*b + 88259. Is f(0) a composite number?
False
Let m = 170 + -166. Suppose -m*f = -3043 - 6129. Is f a prime number?
True
Let i = -336 - -335. Let t(h) = -3091*h. Is t(i) a prime number?
False
Let n(p) = -5 + 104*p - 1 + 2479*p**2 -